{"id":13,"date":"2026-04-18T14:05:40","date_gmt":"2026-04-18T14:05:40","guid":{"rendered":"https:\/\/vertexempresas.cl\/?page_id=13"},"modified":"2026-04-21T05:38:43","modified_gmt":"2026-04-21T05:38:43","slug":"13-2","status":"publish","type":"page","link":"https:\/\/vertexempresas.cl\/","title":{"rendered":""},"content":{"rendered":"\t\t<div data-elementor-type=\"wp-page\" data-elementor-id=\"13\" class=\"elementor elementor-13\" data-elementor-settings=\"{&quot;ha_cmc_init_switcher&quot;:&quot;no&quot;}\">\n\t\t\t\t<div class=\"elementor-element elementor-element-8c9f1a5 e-flex e-con-boxed wpr-particle-no wpr-jarallax-no wpr-parallax-no wpr-sticky-section-no wpr-equal-height-no e-con e-parent\" data-id=\"8c9f1a5\" data-element_type=\"container\" data-e-type=\"container\" data-settings=\"{&quot;background_background&quot;:&quot;slideshow&quot;,&quot;background_slideshow_gallery&quot;:[{&quot;id&quot;:32,&quot;url&quot;:&quot;https:\\\/\\\/vertexempresas.cl\\\/wp-content\\\/uploads\\\/2026\\\/04\\\/76eaec6f-0d2d-4a0d-af7c-39bdd015850c.jpeg&quot;},{&quot;id&quot;:33,&quot;url&quot;:&quot;https:\\\/\\\/vertexempresas.cl\\\/wp-content\\\/uploads\\\/2026\\\/04\\\/3f1bda4a-2aa3-4bb3-a4c4-381810dccdf3-scaled.jpeg&quot;},{&quot;id&quot;:34,&quot;url&quot;:&quot;https:\\\/\\\/vertexempresas.cl\\\/wp-content\\\/uploads\\\/2026\\\/04\\\/4a2b2d6d-07a9-4ff4-9c09-010c46cc8286-scaled.jpeg&quot;},{&quot;id&quot;:35,&quot;url&quot;:&quot;https:\\\/\\\/vertexempresas.cl\\\/wp-content\\\/uploads\\\/2026\\\/04\\\/74925e37-dc0e-40af-8bc8-591d9d7154a3.jpg&quot;},{&quot;id&quot;:36,&quot;url&quot;:&quot;https:\\\/\\\/vertexempresas.cl\\\/wp-content\\\/uploads\\\/2026\\\/04\\\/DSC01195.jpeg&quot;}],&quot;background_slideshow_slide_transition&quot;:&quot;slide_left&quot;,&quot;background_slideshow_loop&quot;:&quot;yes&quot;,&quot;background_slideshow_slide_duration&quot;:5000,&quot;background_slideshow_transition_duration&quot;:500,&quot;_ha_eqh_enable&quot;:false}\">\n\t\t\t\t\t<div class=\"e-con-inner\">\n\t\t\t\t\t<\/div>\n\t\t\t\t<\/div>\n\t\t<div class=\"elementor-element elementor-element-82be192 e-flex e-con-boxed wpr-particle-no wpr-jarallax-no wpr-parallax-no wpr-sticky-section-no wpr-equal-height-no e-con e-parent\" data-id=\"82be192\" data-element_type=\"container\" data-e-type=\"container\" data-settings=\"{&quot;background_background&quot;:&quot;classic&quot;,&quot;_ha_eqh_enable&quot;:false}\">\n\t\t\t\t\t<div class=\"e-con-inner\">\n\t\t<div class=\"elementor-element elementor-element-239ad2a e-con-full e-grid wpr-particle-no wpr-jarallax-no wpr-parallax-no wpr-sticky-section-no wpr-equal-height-no e-con e-child\" data-id=\"239ad2a\" data-element_type=\"container\" data-e-type=\"container\" data-settings=\"{&quot;_ha_eqh_enable&quot;:false}\">\n\t\t\t\t<div class=\"elementor-element elementor-element-e9462dc elementor-view-default elementor-position-block-start elementor-mobile-position-block-start elementor-widget elementor-widget-icon-box\" data-id=\"e9462dc\" data-element_type=\"widget\" data-e-type=\"widget\" data-widget_type=\"icon-box.default\">\n\t\t\t\t\t\t\t<div class=\"elementor-icon-box-wrapper\">\n\n\t\t\t\t\t\t<div class=\"elementor-icon-box-icon\">\n\t\t\t\t<span  class=\"elementor-icon\">\n\t\t\t\t<svg xmlns=\"http:\/\/www.w3.org\/2000\/svg\" id=\"Capa_2\" data-name=\"Capa 2\" viewBox=\"0 0 139.71 118.56\"><defs><style>      .cls-1 {        fill: #fff;      }    <\/style><\/defs><g id=\"Capa_1-2\" data-name=\"Capa 1\"><g><circle class=\"cls-1\" cx=\"58.91\" cy=\"21.4\" r=\"21.4\"><\/circle><path class=\"cls-1\" d=\"M120.6,20.56c-5.26,0-10.03,2.13-13.48,5.57l-.08.08-48.42,46.91-.64.62.63-.62-12.89,12.49-.05.05-.04.04c-.08.08-.16.16-.23.24-.1.1-.2.2-.31.31,0,.01-.01.01-.02.02-.01.02-.03.03-.05.05-.1.11-.2.22-.31.33,0,0-.01.01-.02.02-3.48,3.64-8.38,5.91-13.82,5.91-3.93,0-7.57-1.2-10.61-3.23,1.64.45,3.35.7,5.13.7,5.43,0,10.34-2.27,13.81-5.91.01,0,.02-.01.02-.02.12-.12,15.24-14.83,15.24-14.83l-22.48-20.84c-3.4-3.11-7.92-5-12.88-5C8.56,43.45,0,52.01,0,62.56c0,5.34,2.19,10.17,5.72,13.64l.07.06h.02s12.56,11.66,12.56,11.66c0,0,0,0,0,0l27.34,25.35.12.11c3.41,3.21,8.01,5.17,13.07,5.17s9.66-1.97,13.07-5.17l.44-.42.06-.06,61.25-59.35.38-.37c3.46-3.46,5.6-8.24,5.6-13.51,0-10.55-8.55-19.11-19.11-19.11ZM19.91,89.11c-.14-.1-.28-.2-.42-.3.14.1.28.2.42.3Z\"><\/path><\/g><\/g><\/svg>\t\t\t\t<\/span>\n\t\t\t<\/div>\n\t\t\t\n\t\t\t\t\t\t<div class=\"elementor-icon-box-content\">\n\n\t\t\t\t\t\t\t\t\t<h3 class=\"elementor-icon-box-title\">\n\t\t\t\t\t\t<span  >\n\t\t\t\t\t\t\tCONSULTORA\t\t\t\t\t\t<\/span>\n\t\t\t\t\t<\/h3>\n\t\t\t\t\n\t\t\t\t\t\t\t\t\t<p class=\"elementor-icon-box-description\">\n\t\t\t\t\t\tLorem ipsum dolor sit amet, consectetur adipiscing elit. Ut elit tellus, luctus nec ullamcorper mattis, pulvinar dapibus leo.\t\t\t\t\t<\/p>\n\t\t\t\t\n\t\t\t<\/div>\n\t\t\t\n\t\t<\/div>\n\t\t\t\t\t\t<\/div>\n\t\t\t\t<div class=\"elementor-element elementor-element-df248f2 elementor-view-default elementor-position-block-start elementor-mobile-position-block-start elementor-widget elementor-widget-icon-box\" data-id=\"df248f2\" data-element_type=\"widget\" data-e-type=\"widget\" data-widget_type=\"icon-box.default\">\n\t\t\t\t\t\t\t<div class=\"elementor-icon-box-wrapper\">\n\n\t\t\t\t\t\t<div class=\"elementor-icon-box-icon\">\n\t\t\t\t<span  class=\"elementor-icon\">\n\t\t\t\t<svg xmlns=\"http:\/\/www.w3.org\/2000\/svg\" id=\"Capa_2\" data-name=\"Capa 2\" viewBox=\"0 0 139.71 118.56\"><defs><style>      .cls-1 {        fill: #fff;      }    <\/style><\/defs><g id=\"Capa_1-2\" data-name=\"Capa 1\"><g><circle class=\"cls-1\" cx=\"58.91\" cy=\"21.4\" r=\"21.4\"><\/circle><path class=\"cls-1\" d=\"M120.6,20.56c-5.26,0-10.03,2.13-13.48,5.57l-.08.08-48.42,46.91-.64.62.63-.62-12.89,12.49-.05.05-.04.04c-.08.08-.16.16-.23.24-.1.1-.2.2-.31.31,0,.01-.01.01-.02.02-.01.02-.03.03-.05.05-.1.11-.2.22-.31.33,0,0-.01.01-.02.02-3.48,3.64-8.38,5.91-13.82,5.91-3.93,0-7.57-1.2-10.61-3.23,1.64.45,3.35.7,5.13.7,5.43,0,10.34-2.27,13.81-5.91.01,0,.02-.01.02-.02.12-.12,15.24-14.83,15.24-14.83l-22.48-20.84c-3.4-3.11-7.92-5-12.88-5C8.56,43.45,0,52.01,0,62.56c0,5.34,2.19,10.17,5.72,13.64l.07.06h.02s12.56,11.66,12.56,11.66c0,0,0,0,0,0l27.34,25.35.12.11c3.41,3.21,8.01,5.17,13.07,5.17s9.66-1.97,13.07-5.17l.44-.42.06-.06,61.25-59.35.38-.37c3.46-3.46,5.6-8.24,5.6-13.51,0-10.55-8.55-19.11-19.11-19.11ZM19.91,89.11c-.14-.1-.28-.2-.42-.3.14.1.28.2.42.3Z\"><\/path><\/g><\/g><\/svg>\t\t\t\t<\/span>\n\t\t\t<\/div>\n\t\t\t\n\t\t\t\t\t\t<div class=\"elementor-icon-box-content\">\n\n\t\t\t\t\t\t\t\t\t<h3 class=\"elementor-icon-box-title\">\n\t\t\t\t\t\t<span  >\n\t\t\t\t\t\t\tOTEC\t\t\t\t\t\t<\/span>\n\t\t\t\t\t<\/h3>\n\t\t\t\t\n\t\t\t\t\t\t\t\t\t<p class=\"elementor-icon-box-description\">\n\t\t\t\t\t\tLorem ipsum dolor sit amet, consectetur adipiscing elit. Ut elit tellus, luctus nec ullamcorper mattis, pulvinar dapibus leo.\t\t\t\t\t<\/p>\n\t\t\t\t\n\t\t\t<\/div>\n\t\t\t\n\t\t<\/div>\n\t\t\t\t\t\t<\/div>\n\t\t\t\t<div class=\"elementor-element elementor-element-5258c2a elementor-view-default elementor-position-block-start elementor-mobile-position-block-start elementor-widget elementor-widget-icon-box\" data-id=\"5258c2a\" data-element_type=\"widget\" data-e-type=\"widget\" data-widget_type=\"icon-box.default\">\n\t\t\t\t\t\t\t<div class=\"elementor-icon-box-wrapper\">\n\n\t\t\t\t\t\t<div class=\"elementor-icon-box-icon\">\n\t\t\t\t<span  class=\"elementor-icon\">\n\t\t\t\t<svg xmlns=\"http:\/\/www.w3.org\/2000\/svg\" id=\"Capa_2\" data-name=\"Capa 2\" viewBox=\"0 0 139.71 118.56\"><defs><style>      .cls-1 {        fill: #fff;      }    <\/style><\/defs><g id=\"Capa_1-2\" data-name=\"Capa 1\"><g><circle class=\"cls-1\" cx=\"58.91\" cy=\"21.4\" r=\"21.4\"><\/circle><path class=\"cls-1\" d=\"M120.6,20.56c-5.26,0-10.03,2.13-13.48,5.57l-.08.08-48.42,46.91-.64.62.63-.62-12.89,12.49-.05.05-.04.04c-.08.08-.16.16-.23.24-.1.1-.2.2-.31.31,0,.01-.01.01-.02.02-.01.02-.03.03-.05.05-.1.11-.2.22-.31.33,0,0-.01.01-.02.02-3.48,3.64-8.38,5.91-13.82,5.91-3.93,0-7.57-1.2-10.61-3.23,1.64.45,3.35.7,5.13.7,5.43,0,10.34-2.27,13.81-5.91.01,0,.02-.01.02-.02.12-.12,15.24-14.83,15.24-14.83l-22.48-20.84c-3.4-3.11-7.92-5-12.88-5C8.56,43.45,0,52.01,0,62.56c0,5.34,2.19,10.17,5.72,13.64l.07.06h.02s12.56,11.66,12.56,11.66c0,0,0,0,0,0l27.34,25.35.12.11c3.41,3.21,8.01,5.17,13.07,5.17s9.66-1.97,13.07-5.17l.44-.42.06-.06,61.25-59.35.38-.37c3.46-3.46,5.6-8.24,5.6-13.51,0-10.55-8.55-19.11-19.11-19.11ZM19.91,89.11c-.14-.1-.28-.2-.42-.3.14.1.28.2.42.3Z\"><\/path><\/g><\/g><\/svg>\t\t\t\t<\/span>\n\t\t\t<\/div>\n\t\t\t\n\t\t\t\t\t\t<div class=\"elementor-icon-box-content\">\n\n\t\t\t\t\t\t\t\t\t<h3 class=\"elementor-icon-box-title\">\n\t\t\t\t\t\t<span  >\n\t\t\t\t\t\t\tSEGURIDAD INDUSTRIAL\t\t\t\t\t\t<\/span>\n\t\t\t\t\t<\/h3>\n\t\t\t\t\n\t\t\t\t\t\t\t\t\t<p class=\"elementor-icon-box-description\">\n\t\t\t\t\t\tLorem ipsum dolor sit amet, consectetur adipiscing elit. Ut elit tellus, luctus nec ullamcorper mattis, pulvinar dapibus leo.\t\t\t\t\t<\/p>\n\t\t\t\t\n\t\t\t<\/div>\n\t\t\t\n\t\t<\/div>\n\t\t\t\t\t\t<\/div>\n\t\t\t\t<\/div>\n\t\t\t\t\t<\/div>\n\t\t\t\t<\/div>\n\t\t<div class=\"elementor-element elementor-element-4709382 e-flex e-con-boxed wpr-particle-no wpr-jarallax-no wpr-parallax-no wpr-sticky-section-no wpr-equal-height-no e-con e-parent\" data-id=\"4709382\" data-element_type=\"container\" data-e-type=\"container\" data-settings=\"{&quot;_ha_eqh_enable&quot;:false}\">\n\t\t\t\t\t<div class=\"e-con-inner\">\n\t\t<div class=\"elementor-element elementor-element-b55a0d6 e-con-full e-flex wpr-particle-no wpr-jarallax-no wpr-parallax-no wpr-sticky-section-no wpr-equal-height-no e-con e-child\" data-id=\"b55a0d6\" data-element_type=\"container\" data-e-type=\"container\" data-settings=\"{&quot;_ha_eqh_enable&quot;:false}\">\n\t\t\t\t<div class=\"elementor-element elementor-element-2e613e6 elementor-widget elementor-widget-heading\" data-id=\"2e613e6\" data-element_type=\"widget\" data-e-type=\"widget\" data-widget_type=\"heading.default\">\n\t\t\t\t\t<h2 class=\"elementor-heading-title elementor-size-default\">QUIENES SOMOS<\/h2>\t\t\t\t<\/div>\n\t\t\t\t<div class=\"elementor-element elementor-element-92bcfbc elementor-widget elementor-widget-text-editor\" data-id=\"92bcfbc\" data-element_type=\"widget\" data-e-type=\"widget\" data-widget_type=\"text-editor.default\">\n\t\t\t\t\t\t\t\t\t<p class=\"my-2 [&amp;+p]:mt-4 [&amp;_strong:has(+br)]:inline-block [&amp;_strong:has(+br)]:pb-2\" style=\"text-align: justify;\">\n  <strong>En Vertex Empresas impulsamos la competitividad de las organizaciones con soluciones integrales en consultor\u00eda empresarial, capacitaci\u00f3n OTEC y seguridad industrial.<\/strong>\n<\/p>\n\n<p class=\"my-2 [&amp;+p]:mt-4 [&amp;_strong:has(+br)]:inline-block [&amp;_strong:has(+br)]:pb-2\" style=\"text-align: justify;\">\n  A trav\u00e9s de un ecosistema estrat\u00e9gico, <strong>Vertex Consultora<\/strong> dise\u00f1a hojas de ruta para mejorar gesti\u00f3n, productividad y cultura organizacional; <strong>Vertex OTEC<\/strong> fortalece competencias mediante capacitaci\u00f3n laboral; y <strong>Vertex Seguridad Industrial<\/strong> resguarda la continuidad operacional con implementos y procesos alineados con la normativa vigente.\n<\/p>\n\n<p class=\"my-2 [&amp;+p]:mt-4 [&amp;_strong:has(+br)]:inline-block [&amp;_strong:has(+br)]:pb-2\" style=\"text-align: justify;\">\n  Esta integraci\u00f3n nos permite entregar un <strong>acompa\u00f1amiento 360\u00b0<\/strong> con foco en <strong>mejora continua, cumplimiento normativo, desarrollo de personas y eficiencia operacional<\/strong>, convirtiendo cada servicio en resultados medibles para su empresa.\n<\/p>\t\t\t\t\t\t\t\t<\/div>\n\t\t\t\t<\/div>\n\t\t<div class=\"elementor-element elementor-element-e072141 e-con-full e-flex wpr-particle-no wpr-jarallax-no wpr-parallax-no wpr-sticky-section-no wpr-equal-height-no e-con e-child\" data-id=\"e072141\" data-element_type=\"container\" data-e-type=\"container\" data-settings=\"{&quot;_ha_eqh_enable&quot;:false}\">\n\t\t<div class=\"elementor-element elementor-element-d75646b e-con-full e-flex wpr-particle-no wpr-jarallax-no wpr-parallax-no wpr-sticky-section-no wpr-equal-height-no e-con e-child\" data-id=\"d75646b\" data-element_type=\"container\" data-e-type=\"container\" data-settings=\"{&quot;_ha_eqh_enable&quot;:false}\">\n\t\t\t\t<div class=\"elementor-element elementor-element-15e6448 elementor-widget elementor-widget-image\" data-id=\"15e6448\" data-element_type=\"widget\" data-e-type=\"widget\" data-widget_type=\"image.default\">\n\t\t\t\t\t\t\t\t\t\t\t\t\t\t\t<img decoding=\"async\" src=\"https:\/\/vertexempresas.cl\/wp-content\/plugins\/elementor\/assets\/images\/placeholder.png\" title=\"\" alt=\"\" loading=\"lazy\" \/>\t\t\t\t\t\t\t\t\t\t\t\t\t\t\t<\/div>\n\t\t\t\t<\/div>\n\t\t\t\t<\/div>\n\t\t\t\t\t<\/div>\n\t\t\t\t<\/div>\n\t\t<div class=\"elementor-element elementor-element-b69f0e6 e-flex e-con-boxed wpr-particle-no wpr-jarallax-no wpr-parallax-no wpr-sticky-section-no wpr-equal-height-no e-con e-parent\" data-id=\"b69f0e6\" data-element_type=\"container\" data-e-type=\"container\" data-settings=\"{&quot;_ha_eqh_enable&quot;:false}\">\n\t\t\t\t\t<div class=\"e-con-inner\">\n\t\t<div class=\"elementor-element elementor-element-4b31e0e e-con-full e-flex wpr-particle-no wpr-jarallax-no wpr-parallax-no wpr-sticky-section-no wpr-equal-height-no e-con e-child\" data-id=\"4b31e0e\" data-element_type=\"container\" data-e-type=\"container\" data-settings=\"{&quot;_ha_eqh_enable&quot;:false}\">\n\t\t\t\t<div class=\"elementor-element elementor-element-e2ca6ee elementor-widget elementor-widget-image\" data-id=\"e2ca6ee\" data-element_type=\"widget\" data-e-type=\"widget\" data-widget_type=\"image.default\">\n\t\t\t\t\t\t\t\t\t\t\t\t<figure class=\"wp-caption\">\n\t\t\t\t\t\t\t\t\t\t<img fetchpriority=\"high\" decoding=\"async\" width=\"1024\" height=\"768\" src=\"https:\/\/vertexempresas.cl\/wp-content\/uploads\/2026\/04\/IMG_2073-1024x768.jpg\" class=\"attachment-large size-large wp-image-48\" alt=\"\" srcset=\"https:\/\/vertexempresas.cl\/wp-content\/uploads\/2026\/04\/IMG_2073-1024x768.jpg 1024w, https:\/\/vertexempresas.cl\/wp-content\/uploads\/2026\/04\/IMG_2073-300x225.jpg 300w, https:\/\/vertexempresas.cl\/wp-content\/uploads\/2026\/04\/IMG_2073-768x576.jpg 768w, https:\/\/vertexempresas.cl\/wp-content\/uploads\/2026\/04\/IMG_2073-1536x1152.jpg 1536w, https:\/\/vertexempresas.cl\/wp-content\/uploads\/2026\/04\/IMG_2073-2048x1536.jpg 2048w\" sizes=\"(max-width: 1024px) 100vw, 1024px\" \/>\t\t\t\t\t\t\t\t\t\t\t<figcaption class=\"widget-image-caption wp-caption-text\"><\/figcaption>\n\t\t\t\t\t\t\t\t\t\t<\/figure>\n\t\t\t\t\t\t\t\t\t<\/div>\n\t\t\t\t<\/div>\n\t\t<div class=\"elementor-element elementor-element-779b4bc e-con-full e-flex wpr-particle-no wpr-jarallax-no wpr-parallax-no wpr-sticky-section-no wpr-equal-height-no e-con e-child\" data-id=\"779b4bc\" data-element_type=\"container\" data-e-type=\"container\" data-settings=\"{&quot;_ha_eqh_enable&quot;:false}\">\n\t\t\t\t<div class=\"elementor-element elementor-element-365bad9 elementor-widget elementor-widget-text-editor\" data-id=\"365bad9\" data-element_type=\"widget\" data-e-type=\"widget\" data-widget_type=\"text-editor.default\">\n\t\t\t\t\t\t\t\t\t<p class=\"my-2 [&amp;+p]:mt-4 [&amp;_strong:has(+br)]:inline-block [&amp;_strong:has(+br)]:pb-2\" style=\"text-align: justify;\">\n  <strong>En Vertex Empresas acompa\u00f1amos a las empresas de alto impacto a convertir la prevenci\u00f3n de riesgos en una ventaja estrat\u00e9gica, no solo en una obligaci\u00f3n de cumplimiento.<\/strong>\n<\/p>\n\n<p class=\"my-2 [&amp;+p]:mt-4 [&amp;_strong:has(+br)]:inline-block [&amp;_strong:has(+br)]:pb-2\" style=\"text-align: justify;\">\n  Con m\u00e1s de <strong>15 a\u00f1os de experiencia<\/strong> liderando la prevenci\u00f3n de riesgos en sectores cr\u00edticos como <strong>distribuci\u00f3n el\u00e9ctrica, construcci\u00f3n e investigaci\u00f3n cient\u00edfica<\/strong>, hemos demostrado que la eficiencia y la sostenibilidad nacen de un ecosistema integrado: <strong>estrategia, talento y seguridad industrial<\/strong> alineados en una misma hoja de ruta.\n<\/p>\n\n<p class=\"my-2 [&amp;+p]:mt-4 [&amp;_strong:has(+br)]:inline-block [&amp;_strong:has(+br)]:pb-2\" style=\"text-align: justify;\">\n  Nuestro modelo comienza en la <strong>consultor\u00eda empresarial<\/strong>, donde asesoramos a la <strong>alta direcci\u00f3n<\/strong> mediante diagn\u00f3sticos profundos que identifican brechas operativas, legales y de seguridad que afectan la rentabilidad y la continuidad del negocio. Estos insights alimentan nuestra <strong>OTEC especializada<\/strong>, que dise\u00f1a <strong>programas de capacitaci\u00f3n laboral de alto impacto<\/strong>, alineados con los objetivos estrat\u00e9gicos y orientados a generar valor operacional medible.\n<\/p>\n\n<p class=\"my-2 [&amp;+p]:mt-4 [&amp;_strong:has(+br)]:inline-block [&amp;_strong:has(+br)]:pb-2\" style=\"text-align: justify;\">\n  Cerramos el ciclo con <strong>seguridad industrial<\/strong> y <strong>equipamiento de protecci\u00f3n personal (EPP)<\/strong>, porque la protecci\u00f3n adecuada es una inversi\u00f3n en <strong>productividad, seguridad y sostenibilidad<\/strong>. La reducci\u00f3n de riesgos, la minimizaci\u00f3n de paradas operativas y el fortalecimiento de la cultura organizacional se traducen directamente en mejores resultados financieros y en una imagen corporativa m\u00e1s s\u00f3lida.\n<\/p>\n\n<p class=\"my-2 [&amp;+p]:mt-4 [&amp;_strong:has(+br)]:inline-block [&amp;_strong:has(+br)]:pb-2\" style=\"text-align: justify;\">\n  <strong>En Vertex Empresas transformamos desaf\u00edos de seguridad y gesti\u00f3n de riesgos en oportunidades reales: menos incidentes, m\u00e1s continuidad, mayor cumplimiento y una ventaja competitiva clara.<\/strong>\n<\/p>\t\t\t\t\t\t\t\t<\/div>\n\t\t\t\t<\/div>\n\t\t\t\t\t<\/div>\n\t\t\t\t<\/div>\n\t\t<div class=\"elementor-element elementor-element-109b6d5 e-flex e-con-boxed wpr-particle-no wpr-jarallax-no wpr-parallax-no wpr-sticky-section-no wpr-equal-height-no e-con e-parent\" data-id=\"109b6d5\" data-element_type=\"container\" data-e-type=\"container\" data-settings=\"{&quot;_ha_eqh_enable&quot;:false}\">\n\t\t\t\t\t<div class=\"e-con-inner\">\n\t\t\t\t<div class=\"elementor-element elementor-element-944abd8 elementor-widget elementor-widget-heading\" data-id=\"944abd8\" data-element_type=\"widget\" data-e-type=\"widget\" data-widget_type=\"heading.default\">\n\t\t\t\t\t<h1 class=\"elementor-heading-title elementor-size-default\">POLITICA DE CALIDAD<\/h1>\t\t\t\t<\/div>\n\t\t\t\t\t<\/div>\n\t\t\t\t<\/div>\n\t\t\t\t<\/div>\n\t\t","protected":false},"excerpt":{"rendered":"<p>CONSULTORA Lorem ipsum dolor sit amet, consectetur adipiscing elit. Ut elit tellus, luctus nec ullamcorper mattis, pulvinar dapibus leo. OTEC Lorem ipsum dolor sit amet, consectetur adipiscing elit. Ut elit tellus, luctus nec ullamcorper mattis, pulvinar dapibus leo. SEGURIDAD INDUSTRIAL Lorem ipsum dolor sit amet, consectetur adipiscing elit. Ut elit tellus, luctus nec ullamcorper mattis, pulvinar dapibus leo. QUIENES SOMOS En Vertex Empresas impulsamos la competitividad de las organizaciones con soluciones integrales en consultor\u00eda empresarial, capacitaci\u00f3n OTEC y seguridad industrial. A trav\u00e9s de un ecosistema estrat\u00e9gico, Vertex Consultora dise\u00f1a hojas de ruta para mejorar gesti\u00f3n, productividad y cultura organizacional; Vertex OTEC fortalece competencias mediante capacitaci\u00f3n laboral; y Vertex Seguridad Industrial resguarda la continuidad operacional con implementos y procesos alineados con la normativa vigente. Esta integraci\u00f3n nos permite entregar un acompa\u00f1amiento 360\u00b0 con foco en mejora continua, cumplimiento normativo, desarrollo de personas y eficiencia operacional, convirtiendo cada servicio en resultados medibles para su empresa. En Vertex Empresas acompa\u00f1amos a las empresas de alto impacto a convertir la prevenci\u00f3n de riesgos en una ventaja estrat\u00e9gica, no solo en una obligaci\u00f3n de cumplimiento. Con m\u00e1s de 15 a\u00f1os de experiencia liderando la prevenci\u00f3n de riesgos en sectores cr\u00edticos como distribuci\u00f3n el\u00e9ctrica, construcci\u00f3n e investigaci\u00f3n cient\u00edfica, hemos demostrado que la eficiencia y la sostenibilidad nacen de un ecosistema integrado: estrategia, talento y seguridad industrial alineados en una misma hoja de ruta. Nuestro modelo comienza en la consultor\u00eda empresarial, donde asesoramos a la alta direcci\u00f3n mediante diagn\u00f3sticos profundos que identifican brechas operativas, legales y de seguridad que afectan la rentabilidad y la continuidad del negocio. Estos insights alimentan nuestra OTEC especializada, que dise\u00f1a programas de capacitaci\u00f3n laboral de alto impacto, alineados con los objetivos estrat\u00e9gicos y orientados a generar valor operacional medible. Cerramos el ciclo con seguridad industrial y equipamiento de protecci\u00f3n personal (EPP), porque la protecci\u00f3n adecuada es una inversi\u00f3n en productividad, seguridad y sostenibilidad. La reducci\u00f3n de riesgos, la minimizaci\u00f3n de paradas operativas y el fortalecimiento de la cultura organizacional se traducen directamente en mejores resultados financieros y en una imagen corporativa m\u00e1s s\u00f3lida. En Vertex Empresas transformamos desaf\u00edos de seguridad y gesti\u00f3n de riesgos en oportunidades reales: menos incidentes, m\u00e1s continuidad, mayor cumplimiento y una ventaja competitiva clara. POLITICA DE CALIDAD<\/p>\n","protected":false},"author":1,"featured_media":0,"parent":0,"menu_order":0,"comment_status":"closed","ping_status":"closed","template":"","meta":{"site-sidebar-layout":"no-sidebar","site-content-layout":"plain-container","ast-site-content-layout":"full-width-container","site-content-style":"default","site-sidebar-style":"default","ast-global-header-display":"","ast-banner-title-visibility":"","ast-main-header-display":"","ast-hfb-above-header-display":"","ast-hfb-below-header-display":"","ast-hfb-mobile-header-display":"","site-post-title":"","ast-breadcrumbs-content":"","ast-featured-img":"disabled","footer-sml-layout":"","ast-disable-related-posts":"","theme-transparent-header-meta":"enabled","adv-header-id-meta":"","stick-header-meta":"","header-above-stick-meta":"","header-main-stick-meta":"","header-below-stick-meta":"","astra-migrate-meta-layouts":"default","ast-page-background-enabled":"default","ast-page-background-meta":{"desktop":{"background-color":"var(--ast-global-color-5)","background-image":"","background-repeat":"repeat","background-position":"center center","background-size":"auto","background-attachment":"scroll","background-type":"","background-media":"","overlay-type":"","overlay-color":"","overlay-opacity":"","overlay-gradient":""},"tablet":{"background-color":"","background-image":"","background-repeat":"repeat","background-position":"center center","background-size":"auto","background-attachment":"scroll","background-type":"","background-media":"","overlay-type":"","overlay-color":"","overlay-opacity":"","overlay-gradient":""},"mobile":{"background-color":"","background-image":"","background-repeat":"repeat","background-position":"center center","background-size":"auto","background-attachment":"scroll","background-type":"","background-media":"","overlay-type":"","overlay-color":"","overlay-opacity":"","overlay-gradient":""}},"ast-content-background-meta":{"desktop":{"background-color":"var(--ast-global-color-4)","background-image":"","background-repeat":"repeat","background-position":"center center","background-size":"auto","background-attachment":"scroll","background-type":"","background-media":"","overlay-type":"","overlay-color":"","overlay-opacity":"","overlay-gradient":""},"tablet":{"background-color":"var(--ast-global-color-4)","background-image":"","background-repeat":"repeat","background-position":"center center","background-size":"auto","background-attachment":"scroll","background-type":"","background-media":"","overlay-type":"","overlay-color":"","overlay-opacity":"","overlay-gradient":""},"mobile":{"background-color":"var(--ast-global-color-4)","background-image":"","background-repeat":"repeat","background-position":"center center","background-size":"auto","background-attachment":"scroll","background-type":"","background-media":"","overlay-type":"","overlay-color":"","overlay-opacity":"","overlay-gradient":""}},"footnotes":""},"class_list":["post-13","page","type-page","status-publish","hentry"],"_links":{"self":[{"href":"https:\/\/vertexempresas.cl\/index.php\/wp-json\/wp\/v2\/pages\/13","targetHints":{"allow":["GET"]}}],"collection":[{"href":"https:\/\/vertexempresas.cl\/index.php\/wp-json\/wp\/v2\/pages"}],"about":[{"href":"https:\/\/vertexempresas.cl\/index.php\/wp-json\/wp\/v2\/types\/page"}],"author":[{"embeddable":true,"href":"https:\/\/vertexempresas.cl\/index.php\/wp-json\/wp\/v2\/users\/1"}],"replies":[{"embeddable":true,"href":"https:\/\/vertexempresas.cl\/index.php\/wp-json\/wp\/v2\/comments?post=13"}],"version-history":[{"count":21,"href":"https:\/\/vertexempresas.cl\/index.php\/wp-json\/wp\/v2\/pages\/13\/revisions"}],"predecessor-version":[{"id":72,"href":"https:\/\/vertexempresas.cl\/index.php\/wp-json\/wp\/v2\/pages\/13\/revisions\/72"}],"wp:attachment":[{"href":"https:\/\/vertexempresas.cl\/index.php\/wp-json\/wp\/v2\/media?parent=13"}],"curies":[{"name":"wp","href":"https:\/\/api.w.org\/{rel}","templated":true}]}}